. Let v(w) = -16*w - 1. What is the tens digit of v(h)?
9
Let b(r) = 12*r - 6. Let c be (1 - -2)/((-4)/(-12)). What is the units digit of b(c)?
2
Let t = -4 + -3. Let z be 6/42 - (-1)/t. Suppose -3 + z = -j. What is the units digit of j?
3
What is the units digit of (117/(-195))/(3/(-14085) - 0)?
7
Suppose 5*z - 46 = 3*z. Suppose -h = -z + 7. What is the units digit of (-602)/(-26) + h/(-104)?
3
Let v(g) = g**3 + 58*g**2 + 112*g + 12. What is the units digit of v(-56)?
2
Suppose 5*r = 4*t - 4, -5*r + 2 - 3 = -t. Suppose 0 = -5*d + 20, r = -2*y + 3*d - 2*d - 34. What is the units digit of (-10)/y*57 - -3?
1
Suppose 4*i = -i - 5*g + 50, 2*i + g = 15. Suppose -u = l - 7, i*u - 13 = 5*l + 22. Suppose -2*z + 2 = 0, 0 = -5*t + 4*z - u + 73. What is the tens digit of t?
1
Let k(o) = o + 5. Let d be k(-5). Suppose -h - h + 298 = d. Let u = h - 86. What is the tens digit of u?
6
Let c be 1 + 483/9 - (-7)/21. What is the tens digit of c - 2/(-2) - -1?
5
Suppose 5*f + 4*l - 32 = 0, -f - 12 = -5*l - 1. Suppose -3*s = 2*u - 825, s - f*s - u + 822 = 0. What is the units digit of s?
3
Suppose 3*i - 3 - 80 = g, 0 = 3*g - 3*i + 231. Let m = -27 - g. What is the tens digit of m?
4
Suppose 4409 + 10123 = 14*o. What is the units digit of o?
8
Let r = 32 + -38. Let u(y) = -2*y - 10. Let p be u(r). Suppose 2*o = 3*d + 57, -p*d + 3 = -2*o + 65. What is the tens digit of o?
3
Let h = 56 + 8. Suppose -h = -10*z + 9*z. What is the units digit of z?
4
Let f be 2/1 - 3 - (-20 - 5). What is the hundreds digit of f/(-30) + 1707/15?
1
Let m be 6/(3 + (-4)/4). Suppose m*o + 3*w + 54 = 0, 90 = 3*o - 7*o + 5*w. What is the tens digit of 1 + 5/(o/(-48))?
1
Let z(a) be the first derivative of -a**3/3 + 19*a**2/2 - 3*a + 5. What is the units digit of z(8)?
5
Let l(c) = c**3 - c**2 + 2. Let b(h) = -h**3 + h**2 - 1. Let g(m) = -4*b(m) - 5*l(m). Suppose -12*i = -6*i + 18. What is the units digit of g(i)?
0
Let j(y) = y**3 + 3*y**2 - 7*y - 10. Let a be j(-4). Suppose -2*h = -a*u + 110 + 92, -5 = -5*h. What is the units digit of u?
2
Let z(v) = -v**3 - 9*v**2 - 4*v - 11. Let x be z(-7). Let q = x + 126. What is the units digit of q?
5
Let p(w) = 4*w**2 + 16*w - 2. Let d be p(-4). What is the tens digit of 0 + (d - (4 + -83))?
7
Let t(a) be the first derivative of -a + 1/3*a**3 - 4 + 5/2*a**2. What is the units digit of t(-6)?
5
Let x be 8/10*(-70)/(-4). What is the units digit of (-7)/(-2) - (-7)/x?
4
Suppose -j - 4*a + 1290 = -1386, -10748 = -4*j - 5*a. What is the units digit of j?
2
Let j(w) = 5*w**2 + 2*w - 34. What is the tens digit of j(-7)?
9
Let y(g) = -g**3 - 20*g**2 - 20*g - 15. Let v be y(-19). Let t be 6/v*32/24. Suppose -3*o = -t*o + 4*m - 73, 3*m = o - 38. What is the units digit of o?
3
Suppose -3*g + 125 = q + 2*g, 3*q = 3*g + 339. What is the tens digit of q?
1
Let c be 6/(-15)*-10 + -5. Let h(d) = 21*d**2 - 2*d - 1. What is the units digit of h(c)?
2
Let p(v) = 261*v - 118. What is the tens digit of p(5)?
8
Let a(z) = z**3 - 9*z**2 + 1. Let f(b) = -b + 9. Let r be f(0). Let j be a(r). What is the units digit of j - (4 - 8 - 29)?
4
Suppose 96 = 4*w + 32. What is the units digit of w?
6
Suppose b + 3*b = 8, -n - 60 = -5*b. Let r = -18 - n. What is the tens digit of r?
3
Suppose -4*d - 14 - 10 = 0. What is the units digit of 873/27 - (-2)/d?
2
Suppose -5*h - 57 - 353 = 0. Let b = 115 + h. What is the units digit of b/9 + (-6)/(-18)?
4
Suppose 0 = -7*p - 698 + 2168. Suppose p = 4*u - 2*f, -f = -0*u - u + 50. What is the tens digit of u?
5
Let k(j) = -14*j + 80*j**2 + 5*j + 5*j + 3. What is the tens digit of k(1)?
7
Suppose -s + 4 = -0. Suppose -s*l + 8 = -2*l. What is the units digit of l/6 + (-183)/(-9)?
1
Let m be 15/(-6)*(-2)/1. Let d(v) = v**2 - 5*v + 7. Let h be d(m). Suppose -4*y + h*y = 54. What is the units digit of y?
8
Let r = 40 - 37. Suppose -r*f + 224 + 58 = 0. What is the tens digit of f?
9
Let b(f) = -2*f**2 - 2*f**2 + 0*f**2 - 2. Let t be b(2). Let w = t + 25. What is the units digit of w?
7
Let y(j) = 4*j**2 - 15*j - 7. Suppose -f + 0*s - 2*s = 3, 4*f - 5*s - 40 = 0. What is the tens digit of y(f)?
1
Suppose 2*o = -o + 27. Let u be (-3 - o)*(-2)/6. Suppose -1 + 25 = u*w. What is the units digit of w?
6
Let s = -108 + 110. Suppose 3*f - 3*j - 180 = 0, s*f + 0*j - 100 = -2*j. What is the units digit of f?
5
Let d be (-2)/(-3)*-3 + 66. Let i = 70 + d. What is the units digit of i?
4
Suppose -4*a - 2*w = -3*w - 1, w + 1 = -5*a. Suppose 4*y = -a*y - 104. Let t = -16 - y. What is the tens digit of t?
1
What is the units digit of ((-1276)/(-6))/((-4)/6 + 1)?
8
Let f(r) = -196*r + 128. What is the hundreds digit of f(-3)?
7
Let d = -2392 + 4475. What is the thousands digit of d?
2
Suppose 4*d + 2*g + 3*g - 116 = 0, 0 = 3*d - g - 106. Suppose 3*k = -4*v + 615, k - 172 - d = -v. What is the hundreds digit of k?
2
Suppose 482 = 10*l - 2668. What is the hundreds digit of l?
3
Suppose 3*y + 15 = 7*t - 4*t, -4*t = 3*y + 1. Let x(h) = 6 - 2 - 37*h - h**t + 48*h. What is the units digit of x(11)?
4
Let q(t) = -2*t**3 - 9*t - 10*t**2 - t**3 + 0*t**3 + 2*t**3. Let w be q(-9). Suppose 23 = p - 5*y, p - 2*p + 3*y + 23 = w. What is the tens digit of p?
2
Suppose -2*c = c + 3*x - 33, 0 = 4*c + 2*x - 38. Let s = 34 - c. What is the tens digit of s?
2
Suppose v + 0*d = -2*d + 6, 0 = 3*v + 2*d - 14. Suppose -5*z = 4*f - 877 + 29, -v*z = 16. What is the units digit of f?
7
What is the tens digit of ((-135)/12)/(2/(-88))?
9
Let k = 2023 + 3236. What is the tens digit of k?
5
Let j(y) = y**3 + 5*y**2 + 5*y + 5. Suppose -h - 3*l + 8 = -0*l, 3*h = 5*l - 32. Let p be j(h). Suppose d - p - 8 = 0. What is the units digit of d?
9
Suppose 3*g + 2*b - 10 + 6 = 0, -2*b = -2*g - 4. Suppose 3*t + 4*y - 59 = g, 0*y + 4*y = -2*t + 34. What is the tens digit of t?
2
Suppose -9810 = -5*a - 5*n + 9*n, -5*a - 3*n + 9810 = 0. What is the units digit of a?
2
Suppose -17*q - 2598 + 8344 = 0. What is the tens digit of q?
3
What is the hundreds digit of 130*8 - (-8 + 78)/(-14)?
0
Suppose -64*y - 14 + 206 = 0. Suppose w + 5*f = 231, 3*f = -5*w + 5*f + 1074. Suppose -o = -y, -3*k - 2*o - o + w = 0. What is the tens digit of k?
6
Let z(o) be the third derivative of o**4/4 - 23*o**3/6 - o**2. What is the units digit of z(11)?
3
Let f be ((-8)/(-4) + -3)*-5. Let v be ((-96)/20)/(-4)*f. Suppose -v*r = -3*r - 168. What is the units digit of r?
6
Suppose -3*p + 6 = -6*p, -5*t - 4*p = 3. Suppose -t = d - 41. What is the tens digit of d?
4
Let p be 118/4*(-150)/(-15). Let c = 437 - p. What is the tens digit of c?
4
Suppose 55*z - 57*z = 6, -4*r - 3*z + 319 = 0. What is the tens digit of r?
8
Let l = -30 + 26. What is the tens digit of l/(-18) + (-662)/(-18)?
3
Let o = 1277 + 69. What is the thousands digit of o?
1
Suppose -12*s = -16*s + 168. Suppose -3*w - 5*z - 2 = -17, 2*w = 4*z - 12. Suppose 3*a = 8*q - 4*q + 2, -5*a - 3*q + s = w. What is the units digit of a?
6
Let o(t) = t + 10. Let p be o(-8). Suppose 1 = -p*s - g, 2*g = -2 - 8. Let l(j) = 6*j**2 - j - 1. What is the tens digit of l(s)?
2
Let c be -2 + -1 - -1*7. Suppose y - c = 6. Suppose -z + y = 4*l, 0 = -0*l + 3*l - 5*z + 4. What is the units digit of l?
2
Let k(a) = a**2 + 17*a + 31. What is the hundreds digit of k(15)?
5
Suppose 0 = -3*j + 2*v - 14, -2*j = j - 5*v + 17. Let u(c) = -c**3 - 5*c**2 - 5*c. Let m be u(j). Suppose -2*t = -m*t + 54. What is the tens digit of t?
2
Let v = 0 + 4. Suppose 5*b + 38 = -v*z, -3*b - 22 = 4*z - 2*z. Let i = b + 17. What is the units digit of i?
1
Let h be -1 + (5 - 3) - -26. Let g = 4 + -9. Let l = g + h. What is the tens digit of l?
2
Suppose 1 = -4*d + 2*f + 13, 0 = -2*d - 4*f + 6. Suppose -4*q - 4*w + 444 = -2*q, -5*q + 1082 = d*w. What is the units digit of q?
4
Let t(u) = -24*u - 15. What is the tens digit of t(-2)?
3
Suppose -n - 3*t + 1107 = -4*t, 2*n - 2216 = 3*t. What is the units digit of n?
5
Let y(r) = -r**2 - 10*r + 13. Let t be y(-11). Let f(d) = d. Let g be f(t). Suppose g*o + 46 = 2*p, -p - 4 = 4*o - 2. What is the tens digit of p?
1
What is the units digit of -3 + 7 - 10 - 460/(-5)?
6
Let d(a) = 147*a - 116. What is the hundreds digit of d(4)?
4
Suppose -9*l = -4*l - 10. Suppose m - 66 = -l*m - 3*w, 4*w = -2*m + 38. Let b = -4 + m. What is the tens digit of b?
2
Suppose 5*v = 4*s - 0*s - 60, 